 of 63460016?
6
What is the tens digit of 2539675392?
9
What is the thousands digit of 1020561909?
1
What is the ten millions digit of 1730191276?
3
What is the hundred thousands digit of 1139130691?
1
What is the millions digit of 100091746?
0
What is the hundreds digit of 40081234?
2
What is the ten millions digit of 4029795824?
2
What is the units digit of 165235403?
3
What is the ten thousands digit of 7299588789?
8
What is the ten thousands digit of 3778580663?
8
What is the units digit of 6914901?
1
What is the hundreds digit of 719686015?
0
What is the ten millions digit of 771966744?
7
What is the hundred thousands digit of 73363347?
3
What is the units digit of 925356550?
0
What is the units digit of 41370687?
7
What is the thousands digit of 2379871203?
1
What is the hundred millions digit of 3365480661?
3
What is the ten millions digit of 1227406560?
2
What is the ten millions digit of 1673032130?
7
What is the hundreds digit of 254120512?
5
What is the tens digit of 169994184?
8
What is the ten thousands digit of 11802131?
0
What is the tens digit of 22227870?
7
What is the thousands digit of 515622010?
2
What is the hundreds digit of 99961218?
2
What is the hundred thousands digit of 40173692?
1
What is the hundreds digit of 8509377251?
2
What is the units digit of 76427406?
6
What is the hundred millions digit of 1267891239?
2
What is the ten millions digit of 11606425?
1
What is the hundred thousands digit of 186074197?
0
What is the hundred thousands digit of 162992113?
9
What is the ten millions digit of 437120394?
3
What is the thousands digit of 5654174694?
4
What is the ten millions digit of 40527340?
4
What is the hundreds digit of 333997?
9
What is the hundred millions digit of 8086343801?
0
What is the millions digit of 881377947?
1
What is the ten thousands digit of 467156096?
5
What is the thousands digit of 1014316016?
6
What is the hundred thousands digit of 167972600?
9
What is the hundred millions digit of 205643404?
2
What is the hundreds digit of 20924914?
9
What is the units digit of 34507830?
0
What is the ten millions digit of 2745265067?
4
What is the hundreds digit of 202060482?
4
What is the units digit of 581760566?
6
What is the millions digit of 70457583?
0
What is the units digit of 392190247?
7
What is the tens digit of 1535433548?
4
What is the hundred millions digit of 124461443?
1
What is the millions digit of 151682705?
1
What is the tens digit of 54927999?
9
What is the tens digit of 633606404?
0
What is the ten millions digit of 536120103?
3
What is the ten thousands digit of 99073988?
7
What is the hundreds digit of 289724354?
3
What is the ten millions digit of 398050406?
9
What is the thousands digit of 62629732?
9
What is the ten thousands digit of 341033406?
3
What is the millions digit of 1658636838?
8
What is the tens digit of 50042647?
4
What is the units digit of 230104977?
7
What is the hundred millions digit of 1303549992?
3
What is the hundred thousands digit of 28310906?
3
What is the ten thousands digit of 573346424?
4
What is the tens digit of 154271372?
7
What is the ten millions digit of 3330261197?
3
What is the ten thousands digit of 14687217?
8
What is the millions digit of 131632228?
1
What is the thousands digit of 718682835?
2
What is the ten millions digit of 12100376?
1
What is the hundreds digit of 287803505?
5
What is the units digit of 115569592?
2
What is the ten millions digit of 245472899?
4
What is the millions digit of 14781841?
4
What is the ten millions digit of 23759018?
2
What is the tens digit of 737926399?
9
What is the ten millions digit of 31943366?
3
What is the tens digit of 1907886906?
0
What is the thousands digit of 166945014?
5
What is the ten thousands digit of 48915454?
1
What is the thousands digit of 57861514?
1
What is the ten thousands digit of 1134352304?
5
What is the units digit of 23500230?
0
What is the millions digit of 2967565148?
7
What is the ten millions digit of 184438978?
8
What is the ten millions digit of 4600409427?
0
What is the ten millions digit of 46902717?
4
What is the hundred millions digit of 291347271?
2
What is the hundred millions digit of 219632815?
2
What is the ten millions digit of 1425126366?
2
What is the units digit of 1505330667?
7
What is the millions digit of 102675165?
2
What is the tens digit of 235813162?
6
What is the units digit of 93595798?
8
What is the hundred thousands digit of 321164492?
1
What is the hundred thousands digit of 22269597?
2
What is the thousands digit of 29861226?
1
What is the hundred thousands digit of 500718887?
7
What is the hundreds digit of 4636657786?
7
What is the hundred millions digit of 115252053?
1
What is the units digit of 1033562738?
8
What is the hundred thousands digit of 499798693?
7
What is the tens digit of 40089726?
2
What is the hundred thousands digit of 395401101?
4
What is the hundred thousands digit of 11943087?
9
What is the units digit of 3072419908?
8
What is the ten thousands digit of 19602923?
0
What is the hundreds digit of 533801611?
6
What is the units digit of 129231144?
4
What is the units digit of 519203871?
1
What is the ten millions digit of 54557001?
5
What is the units digit of 110634331?
1
What is the ten thousands digit of 1252843668?
4
What is the hundreds digit of 2415884?
8
What is the millions digit of 119139415?
9
What is the ten thousands digit of 194374093?
7
What is the hundreds digit of 120411121?
1
What is the hundred millions digit of 1915697390?
9
What is the hundred millions digit of 469608931?
4
What is the thousands digit of 100103999?
3
What is the hundred millions digit of 845077784?
8
What is the ten millions digit of 86881738?
8
What is the thousands digit of 139873524?
3
What is the units digit of 41053864?
4
What is the hundreds digit of 21663968?
9
What is the millions digit of 537709245?
7
What is the units digit of 168074309?
9
What is the thousands digit of 272593397?
3
What is the millions digit of 66931565?
6
What is the tens digit of 225451569?
6
What is the thousands digit of 6252175?
2
What is the units digit of 61526760?
0
What is the thousands digit of 540448023?
8
What is the hundred millions digit of 293398469?
2
What is the billions digit of 6636863139?
6
What is the hundreds digit of 115397186?
1
What is the millions digit of 37056751?
7
What is the millions digit of 35088272?
5
What is the units digit of 58158248?
8
What is the thousands digit of 2218271441?
1
What is the millions digit of 31221975?
1
What is the hundreds digit of 57584000?
0
What is the ten millions digit of 37041966?
3
What is the tens digit of 18180119?
1
What is the ten thousands digit of 321803900?
0
What is the hundreds digit of 14879868?
8
What is the thousands digit of 906920015?
0
What is the tens digit of 2412065?
6
What is the tens digit of 696540622?
2
What is the hundred thousands digit of 86210501?
2
What is the tens digit of 122636932?
3
What is the hundred millions digit of 1233676869?
2
What is the hundreds digit of 1061613230?
2
What is the units digit of 16654557?
7
What is the hundred thousands digit of 592557656?
5
What is the hundred thousands digit of 43805871?
8
What is the units digit of 444951607?
7
What is the hundred thousands digit of 2659232165?
2
What is the millions digit of 88088253?
8
What is the hundreds digit of 19653333?
3
What is the millions digit of 803305722?
3
What is the units digit of 38392955?
5
What is the hundred thousands digit of 958867438?
8
What is the tens digit of 78563827?
2
What is the ten thousands digit of 1895152426?
5
What is the hundred thousands digit of 839030202?
0
What is the tens digit of 176498265?
6
What is the hundreds digit of 851844818?
8
What is the hundred millions digit of 5267772531?
2
What is the ten thousands digit of 115803606?
0
What is the thousands digit of 501017882?
7
What is the hundred millions digit of 107675004?
1
What is the tens digit of 629349988?
8
What is the ten millions digit of 33668296?
3
What is the billions digit of 1017839398?
1
What is the units digit of 1435892976?
6
What is the ten thousands digit of 492453569?
5
What is the units digit of 583720356?
6
What is the millions digit of 2940735985?
0
What is the tens digit of 1477288239?
3